*j - 12 = 62, -5*j + 38 = v. Let z be (-15)/(-2)*(v/15 - 0). Calculate the highest common divisor of 9 and z.
9
Let z(g) = -g**2 + 6*g - 9. Let m be z(3). Suppose 2*l + h - 3 = -m*h, 4*l = 4*h + 24. Let d be 1/4 - (-94)/8. What is the greatest common factor of l and d?
3
Let m = 43 - 7. Suppose -15*j = -14*j - 12. Calculate the greatest common divisor of j and m.
12
Let a(q) = -q**3 + 2*q**2 + 2*q + 1. Let b be a(-1). Let p(d) = -2*d + 8. Let t be p(b). What is the greatest common factor of 28 and t?
4
Suppose 2491 + 959 = 5*p. What is the greatest common divisor of 46 and p?
46
Let c(p) = -p**2 - 2*p - 26. Let g be c(-9). Let v = g - -92. Suppose 19 = 2*q - q + 2*m, 2*m = q - 11. Calculate the highest common divisor of v and q.
3
Let k be (-6)/(-4)*36/27. Suppose 0 = k*p + 5*b - 32, -4*p + 2*p - b + 24 = 0. What is the highest common divisor of 44 and p?
11
Let m(x) = -7*x + 2. Let p be m(9). Let u = -29 - p. Suppose -7*v + 325 = -3*v + g, 3*g + 225 = 3*v. What is the highest common divisor of v and u?
16
Suppose -6*f + 4*f + 90 = 0. Let k be 219/f - 22/(-165). What is the greatest common divisor of 40 and k?
5
Let s be 2*4/(-12)*3. Let w be ((-2)/4)/(s/96). Suppose 5*h = -4*y + 854, -132 + 340 = y + 4*h. Calculate the highest common divisor of y and w.
24
Let l(d) = 184*d**3 + 2*d**2 - 2. Let j be l(1). Calculate the highest common divisor of j and 8.
8
Let c = 3130 + -3058. Calculate the greatest common factor of 18 and c.
18
Let g be (-15)/(-2)*(-12)/(-18). Let v be ((-12)/(-20))/1 + 62/g. What is the greatest common factor of 13 and v?
13
Let h = 55 - 196. Let b = h + 226. Suppose 5 = -5*t + b. Calculate the greatest common divisor of t and 8.
8
Let q(v) = -v**3 + 2*v**2 + 2*v + 8. Let u be q(3). Suppose i - w = 3*i - 82, 4*w = -2*i + 88. Calculate the highest common factor of u and i.
5
Suppose 165*u - 493 = 164*u. Calculate the greatest common divisor of u and 34.
17
Suppose -3*u - a = -345, 2*u + 2*a - 219 = 5*a. What is the greatest common factor of u and 285?
57
Suppose 0*x + 60 = 2*x. Let d = x - 91. Let j be 9/3 - d - -1. What is the greatest common divisor of j and 26?
13
Let a = -2233 - -2296. Calculate the highest common factor of a and 207.
9
Suppose 2*q + 6*d = 3*d + 70, -d = 3*q - 119. Suppose 5*t - 19 - q = 0. Let a = 6 - 3. Calculate the greatest common divisor of t and a.
3
Let f = 60 + -70. Let k = 2 - 2. Let u = k - f. What is the greatest common divisor of 110 and u?
10
Let a = 29 - 22. Let t be ((-21)/(-6))/(1/2). Suppose -2*o + t*o + 25 = 0, -2*v - 5*o = -129. Calculate the highest common factor of v and a.
7
Let x = -51 - -56. Suppose 12 = -x*p + 137. Let c(o) = 2*o**2 + 6*o + 2. Let n be c(-4). Calculate the greatest common divisor of n and p.
5
Suppose g - 4*g + 309 = -3*a, 436 = 4*g + 2*a. Let p = g + -97. What is the greatest common divisor of p and 170?
10
Let u(k) = k - 5. Let q be u(11). Let o be 1/4*q + 81/6. Let y be 66/2 - (7 - 4). What is the greatest common factor of o and y?
15
Let l = 1280 - 1111. Calculate the greatest common divisor of 39 and l.
13
Let j(d) = 2*d**3 - 14*d**2 - 2*d + 15. Let a be j(7). Calculate the greatest common factor of a and 5.
1
Suppose 23835 = 85*j + 1650. Calculate the greatest common divisor of j and 81.
9
Suppose -46*o - 1881 = -12185. Calculate the highest common factor of o and 560.
112
Suppose 50 = -0*w + 5*w. Let n(z) = -19*z + 143. Let y be n(7). Calculate the greatest common divisor of y and w.
10
Suppose r - 6 = y + 17, 60 = 3*r - 12*y. Calculate the highest common factor of r and 57.
3
Suppose 4*a = a + 711. Suppose 3*z - 456 - a = 0. Suppose -z = -8*s + 5*s. What is the greatest common divisor of s and 11?
11
Let f be (1 + 0)/(4/340). Suppose 0 = 10*p + 553 + 97. Let r = -31 - p. Calculate the greatest common factor of f and r.
17
Let s(w) = -120*w**3 + 2*w**2 - 2*w - 3. Let b be s(-1). Suppose 3*g - b = 104. Let l = g - 44. Calculate the highest common factor of l and 93.
31
Let x(k) = 2*k + 7. Let v be x(0). Let j(m) = m**2 - 8*m + 10. Let i be j(v). Let b be (-12)/(3/(i*-2)). Calculate the greatest common factor of b and 4.
4
Let v = 83 + -78. Suppose 2*o - v*p - 24 = -2*o, 2*o = -5*p + 12. Calculate the greatest common divisor of 24 and o.
6
Suppose -12*m = 23*m - 140. Let i = 5 - 7. Let c be -1 - (-1 + 1 + i). What is the greatest common factor of m and c?
1
Let g be (-4*7/(-112))/((-2)/(-136)). What is the highest common divisor of 136 and g?
17
Let n(d) = 12*d**2 - 2*d - 16. Let u be n(9). What is the greatest common divisor of u and 14?
14
Let i(d) = -6*d - 10. Let k be i(-6). Calculate the greatest common divisor of k and 637.
13
Let j be (-4 + (-98)/(-21))/(2/756). What is the greatest common factor of 36 and j?
36
Suppose 49*k + 6*k = 71500. Calculate the greatest common factor of k and 52.
52
Let c(l) = l**2 - 29*l - 166. Let a be c(34). Let b = -4 - -6. Suppose -4 = -6*g + b*g. What is the highest common factor of a and g?
1
Suppose 0 = -96*d + 104*d - 4544. What is the highest common factor of 355 and d?
71
Suppose -31 = -3*r + z, 0 = -0*z + z - 2. Let n(c) = -c**2 - 8*c - 4. Let v be n(-5). What is the greatest common factor of v and r?
11
Let r(c) = 29*c**2 + 27*c - 9. Let y be r(6). Calculate the greatest common divisor of y and 126.
63
Let p = -5 - -3. Let f = p + 6. Let b = 276 - 275. What is the highest common divisor of f and b?
1
Let j be (-10)/(-14) + (-3980)/(-14). What is the highest common divisor of 1235 and j?
95
Let l = -245 - -290. Calculate the highest common factor of 20 and l.
5
Let w = -451 + 581. Calculate the greatest common factor of w and 520.
130
Let m = -45 - -54. Calculate the highest common divisor of 5 and m.
1
Let a be 9888/(-144)*(-27 + (-5 - -2)). Calculate the highest common factor of a and 20.
20
Suppose -y + 40 = -0*y. Let x be ((-16)/(-6))/((-2)/(-3)). Suppose -x*t + 9 + 23 = 0. What is the greatest common divisor of t and y?
8
Suppose -4*r + 0*i - 5*i + 1089 = 0, 3*i - 15 = 0. Suppose -5*j = 4*z - 127, -4*z - 4*j + 170 = z. What is the highest common divisor of r and z?
38
Let b = 39 - 12. Let u be 102/b + 10/45. Suppose -4*h + h - 2*f = -38, 2*h = -u*f + 28. What is the greatest common divisor of 96 and h?
12
Let f(u) = 38*u**2 - 1. Let h be f(-1). Let n = 626 - 589. Calculate the greatest common divisor of h and n.
37
Suppose w + 64 = 9*w. Suppose 0 = w*j - 1242 - 230. What is the highest common divisor of 46 and j?
46
Let p be 10/(-8)*-1*4. Suppose f = -p*w - 0*w + 83, 2*f + 2*w = 206. Suppose 4*k = k + f. What is the greatest common divisor of 54 and k?
18
Let c be 12/(-48) - (301/(-4) + -1). What is the highest common divisor of c and 570?
38
Suppose -9*r + 280 + 17 = 0. Calculate the greatest common divisor of 1056 and r.
33
Let t be (-3)/9 - (-6)/(-9). Let r be (6 + -6)/(t - -4). Let p be 27 - (r + -3 - 0). Calculate the highest common factor of p and 20.
10
Let i(w) = w**3 + 11*w**2 - 2*w + 13. Let h be i(-11). Suppose h = 2*r + 5*r. What is the greatest common factor of r and 45?
5
Let i be 1/4 - 862/(-8). Let o = 513 - 486. What is the highest common divisor of i and o?
27
Let b be 4/(-6) + 11/3. Suppose -2*x = -y + b - 45, x - 26 = 3*y. Let d be (-16)/2*x/(-8). Calculate the greatest common factor of 40 and d.
20
Let w be ((-36)/(-10))/((-26)/(-715)). Calculate the greatest common divisor of 18 and w.
9
Suppose 2386 = -10*g + 2686. What is the highest common factor of g and 1455?
15
Let a be 1552/2 + 8/(-1). Calculate the greatest common divisor of 6 and a.
6
Suppose 3*v - 3*u - 213 = 0, -311 = -2*v - 2*v - 5*u. Suppose 153 = 5*l - 3*o - 0*o, 2*o = -2*l + v. Calculate the highest common factor of 99 and l.
33
Let d(t) = -13*t + 8. Let o(p) = p**2 + 40*p - 25. Let v(b) = 8*d(b) + 3*o(b). Let m be v(-6). Calculate the highest common divisor of 10 and m.
1
Suppose -3*g - b + 22 = 0, b + 25 = 2*g + 7. Suppose g*j - 659 = 461. Calculate the greatest common divisor of j and 35.
35
Let u = 26 + -20. Suppose -12 = -p - p. Let b(o) = -o**2 + 9*o + 6. Let j be b(p). What is the greatest common factor of u and j?
6
Suppose q + 35 = -41*j + 42*j, 3*q + 135 = 4*j. Suppose 2*l - l - 75 = 0. Calculate the highest common divisor of l and j.
15
Let v be (-26)/3*(-279)/93. What is the highest common divisor of v and 